{"id":66,"date":"2023-10-05T14:40:17","date_gmt":"2023-10-05T14:40:17","guid":{"rendered":"https:\/\/kmathf.de\/Home\/?page_id=66"},"modified":"2023-10-12T23:35:23","modified_gmt":"2023-10-12T23:35:23","slug":"kmathf-satzung","status":"publish","type":"page","link":"https:\/\/kmathf.de\/Home\/konferenz-der-mathematischen-fachbereiche\/kmathf-satzung\/","title":{"rendered":"Satzung"},"content":{"rendered":"\n<h4 class=\"wp-block-heading\">Satzung der Konferenz der Mathematischen Fachbereiche (KMathF) <\/h4>\n\n\n\n<p class=\"has-text-align-center\">\u00a7 1 <\/p>\n\n\n\n<p>(1)\u00a0  Die Konferenz ist die Vereinigung der mathematischen Fachbereiche und Abteilungen der Universit\u00e4ten und\u00a0wissenschaftlichen Hochschulen, die der Hochschulrektorenkonferenz angeh\u00f6ren, soweit sie ihren Beitritt erkl\u00e4rt\u00a0haben.\u00a0\u00a0\u00a0\u00a0\u00a0\u00a0\u00a0\u00a0\u00a0\u00a0\u00a0\u00a0\u00a0\u00a0\u00a0\u00a0\u00a0\u00a0\u00a0\u00a0\u00a0\u00a0\u00a0\u00a0\u00a0\u00a0\u00a0<\/p>\n\n\n\n<p class=\"has-text-align-center\"> *\u00a0<\/p>\n\n\n\n<p>(2)   Ueber die Aufnahme weiterer Mitglieder entscheidet die Plenarversammlung der KMathF mit Zweidrittelmehrheit auf Antrag eines Fachbereichs oder einer Abteilung.\u00a0\u00a0\u00a0\u00a0\u00a0\u00a0\u00a0\u00a0\u00a0\u00a0\u00a0\u00a0\u00a0\u00a0\u00a0\u00a0\u00a0\u00a0\u00a0\u00a0\u00a0\u00a0\u00a0\u00a0\u00a0\u00a0<\/p>\n\n\n\n<p class=\"has-text-align-center\">*\u00a0<\/p>\n\n\n\n<p class=\"has-text-align-left\">(3)\u00a0\u00a0 Bestehen an einer Universit\u00e4t oder wissenschaftlichen\u00a0Hochschule mehrer Fachbereiche und\/oder Abteilungen, in denen mathematische Fachrichtungen vertreten sind, so\u00a0haben sie gemeinsam die Stellung eines Mitglieds der\u00a0KMathF.\u00a0\u00a0\u00a0\u00a0\u00a0\u00a0\u00a0\u00a0\u00a0\u00a0\u00a0\u00a0\u00a0\u00a0\u00a0\u00a0\u00a0\u00a0\u00a0\u00a0\u00a0\u00a0\u00a0\u00a0\u00a0<\/p>\n\n\n\n<p class=\"has-text-align-center\">*<\/p>\n\n\n\n<p class=\"has-text-align-center\">\u00a0\u00a7 2<\/p>\n\n\n\n<p>(1)\u00a0\u00a0 Aufgabe der KMathF ist die gegenseitige Beratung und Wahrnehmung von gemeinsamen Angelegenheiten der Forschung und Lehre, die den mathematischen Fachbereichen und Abteilungen obliegen, sowie die Vertretung der daraus resultierenden Belange.\u00a0\u00a0\u00a0\u00a0\u00a0\u00a0\u00a0\u00a0\u00a0\u00a0\u00a0\u00a0\u00a0\u00a0\u00a0\u00a0\u00a0\u00a0\u00a0\u00a0\u00a0\u00a0\u00a0\u00a0\u00a0\u00a0\u00a0<\/p>\n\n\n\n<p class=\"has-text-align-center\">*<\/p>\n\n\n\n<p>(2)\u00a0\u00a0 Beschl\u00fcsse, die sich an die Mitgliedsfachbereiche und\u00a0Abteilungen wenden, ergehen in der Form von Empfehlungen.\u00a0\u00a0\u00a0\u00a0\u00a0\u00a0\u00a0\u00a0\u00a0\u00a0\u00a0\u00a0\u00a0\u00a0\u00a0\u00a0\u00a0\u00a0\u00a0\u00a0\u00a0\u00a0\u00a0\u00a0\u00a0\u00a0\u00a0<\/p>\n\n\n\n<p class=\"has-text-align-center\"> *<\/p>\n\n\n\n<p class=\"has-text-align-left\">(3)\u00a0\u00a0 Als Vertretung der mathematischen Fachbereiche strebt die KMathF eine enge Zusammenarbeit mit dem Mathematisch-Naturwissenschaftlichen Fakult\u00e4tentag und der Hochschulrektorenkonferenz an. Sie versteht sich als Berater dieser\u00a0Gremien in den fachspezifischen Angelegenheiten der mathematischen Fachbereiche.\u00a0\u00a0\u00a0\u00a0\u00a0\u00a0\u00a0\u00a0\u00a0\u00a0\u00a0\u00a0\u00a0\u00a0\u00a0\u00a0\u00a0\u00a0\u00a0\u00a0\u00a0\u00a0\u00a0\u00a0\u00a0\u00a0<\/p>\n\n\n\n<p class=\"has-text-align-center\">*<\/p>\n\n\n\n<p class=\"has-text-align-center\">\u00a7 3<\/p>\n\n\n\n<p> (1)\u00a0\u00a0 Die Organe der KMathF sind\u00a0die Plenarversammlung der Fachbereichsvorsitzenden,\u00a0der Sprecher und\u00a0der Beirat.\u00a0\u00a0\u00a0\u00a0\u00a0\u00a0\u00a0\u00a0\u00a0\u00a0\u00a0\u00a0\u00a0\u00a0\u00a0\u00a0\u00a0\u00a0\u00a0\u00a0\u00a0\u00a0\u00a0\u00a0\u00a0\u00a0<\/p>\n\n\n\n<p class=\"has-text-align-center\">*<\/p>\n\n\n\n<p> (2)\u00a0\u00a0 F\u00fcr besondere Aufgaben k\u00f6nnen die Plenarversammlung\u00a0und der Beirat Aussch\u00fcsse einsetzen.\u00a0\u00a0\u00a0\u00a0\u00a0\u00a0\u00a0\u00a0\u00a0\u00a0\u00a0\u00a0\u00a0\u00a0\u00a0\u00a0\u00a0\u00a0\u00a0\u00a0\u00a0\u00a0\u00a0\u00a0\u00a0\u00a0\u00a0 <\/p>\n\n\n\n<p class=\"has-text-align-center\">*<\/p>\n\n\n\n<p class=\"has-text-align-center\">\u00a7 4<\/p>\n\n\n\n<p>(1)\u00a0\u00a0 Die Plenarversammlung tritt mindestens einmal im Jahr (1. Okt. &#8211; 30. Sept.) zusammen. Sie wird vom Sprecher einberufen.\u00a0\u00a0\u00a0\u00a0\u00a0\u00a0\u00a0\u00a0\u00a0\u00a0\u00a0\u00a0\u00a0\u00a0\u00a0\u00a0\u00a0\u00a0\u00a0\u00a0\u00a0\u00a0\u00a0\u00a0\u00a0\u00a0\u00a0 <\/p>\n\n\n\n<p class=\"has-text-align-center\">*<\/p>\n\n\n\n<p>(2)\u00a0\u00a0 Die Tagesordnung soll mindestens einen Monat vorher bekanntgegeben werden. In ihr m\u00fcssen alle Gegenst\u00e4nde\u00a0enthalten sein, deren Aufnahme bis zu diesem Zeitpunkt von einem Mitglied beantragt worden ist. Durch Beschlu\u00df der\u00a0Plenarversammlung k\u00f6nnen auch sp\u00e4tere Antr\u00e4ge in die Tagesordnung aufgenommen werden.\u00a0\u00a0\u00a0\u00a0\u00a0\u00a0\u00a0\u00a0\u00a0\u00a0\u00a0\u00a0\u00a0\u00a0\u00a0\u00a0\u00a0\u00a0\u00a0\u00a0\u00a0\u00a0\u00a0\u00a0\u00a0\u00a0\u00a0 <\/p>\n\n\n\n<p class=\"has-text-align-center\">*<\/p>\n\n\n\n<p>(3)\u00a0\u00a0 In dringenden F\u00e4llen kann der Sprecher die Plenarversammlung zu einer au\u00dferordentlichen Sitzung einberufen. Diese Einberufung mu\u00df erfolgen, wenn es ein viertel der Mitglieder beantragt. Die Fristen f\u00fcr die Tagesordnung gelten hierbei nicht.\u00a0\u00a0\u00a0\u00a0\u00a0\u00a0\u00a0\u00a0\u00a0\u00a0\u00a0\u00a0\u00a0\u00a0\u00a0\u00a0\u00a0\u00a0\u00a0\u00a0\u00a0\u00a0\u00a0\u00a0\u00a0\u00a0<\/p>\n\n\n\n<p class=\"has-text-align-center\">*<\/p>\n\n\n\n<p class=\"has-text-align-center\">\u00a7 5<\/p>\n\n\n\n<p>(1)\u00a0\u00a0 In der Plenarversammlung hat jedes Mitglied eine Stimme.\u00a0Der Sprecher ist als solcher stimmberechtigt. Weitere Delegierte mathematischer Fachbereiche und Abteilungen k\u00f6nnen an Sitzungen der KMathF ohne Stimmrecht teilnehmen.\u00a0\u00a0\u00a0\u00a0\u00a0\u00a0\u00a0\u00a0\u00a0\u00a0\u00a0\u00a0\u00a0\u00a0\u00a0\u00a0\u00a0\u00a0\u00a0\u00a0\u00a0\u00a0\u00a0\u00a0\u00a0\u00a0\u00a0<\/p>\n\n\n\n<p class=\"has-text-align-center\">*<\/p>\n\n\n\n<p>(2)\u00a0\u00a0 Die Plenarversammlung ist beschlu\u00dff\u00e4hig, wenn mindestens die H\u00e4lfte der Mitglieder vertreten ist. Sie\u00a0fasst ihre Beschl\u00fcsse mit einfacher Mehrheit der anwesenden Mitglieder.\u00a0\u00a0\u00a0\u00a0\u00a0\u00a0\u00a0\u00a0\u00a0\u00a0\u00a0\u00a0\u00a0\u00a0\u00a0\u00a0\u00a0\u00a0\u00a0\u00a0\u00a0\u00a0\u00a0\u00a0\u00a0\u00a0\u00a0<\/p>\n\n\n\n<p class=\"has-text-align-center\">*<\/p>\n\n\n\n<p class=\"has-text-align-center\">\u00a7 6<\/p>\n\n\n\n<p>(1)\u00a0\u00a0 Der Sprecher wird von der Plenarversammlung f\u00fcr die\u00a0Dauer von zwei Jahren gew\u00e4hlt. Wiederwahl ist zul\u00e4ssig. Vertreter des Sprechers ist sein\u00a0Amtsvorg\u00e4nger.\u00a0\u00a0\u00a0\u00a0\u00a0\u00a0\u00a0\u00a0\u00a0\u00a0\u00a0\u00a0\u00a0\u00a0\u00a0\u00a0\u00a0\u00a0\u00a0\u00a0\u00a0\u00a0\u00a0\u00a0\u00a0\u00a0\u00a0<\/p>\n\n\n\n<p class=\"has-text-align-center\">*<\/p>\n\n\n\n<p>(2)\u00a0\u00a0 Die Amtszeit des Sprechers beginnt am 1. Oktober.\u00a0\u00a0\u00a0\u00a0\u00a0\u00a0\u00a0\u00a0\u00a0\u00a0\u00a0\u00a0\u00a0\u00a0\u00a0\u00a0\u00a0\u00a0\u00a0\u00a0\u00a0\u00a0\u00a0\u00a0\u00a0\u00a0\u00a0 <\/p>\n\n\n\n<p class=\"has-text-align-center\">*<\/p>\n\n\n\n<p>(3)\u00a0\u00a0 Der Sprecher f\u00fchrt die laufenden Gesch\u00e4fte der KMathF, beruft die Sitzungen der Plenarversammlung und\u00a0des Beirates ein und leitet sie, f\u00fchrt deren Beschl\u00fcsse\u00a0aus und vertritt die KMathF nach au\u00dfen. Er ist berechtigt,\u00a0zu bestimmten Tagesordnungspunkten der Sitzung der Plenarversammlung und des Beirates Vertreter anderer Organisationen\u00a0 oder andere Personen als G\u00e4ste einzuladen. Er sorgt f\u00fcr die Protokolle und versendet sie.\u00a0\u00a0\u00a0\u00a0\u00a0\u00a0\u00a0\u00a0\u00a0\u00a0\u00a0\u00a0\u00a0\u00a0\u00a0\u00a0\u00a0\u00a0\u00a0\u00a0\u00a0\u00a0\u00a0\u00a0\u00a0<\/p>\n\n\n\n<p class=\"has-text-align-center\">*<\/p>\n\n\n\n<p class=\"has-text-align-center\">\u00a7 7<\/p>\n\n\n\n<p>\u00a0 (1)\u00a0\u00a0 Der Beirat besteht aus drei zu w\u00e4hlenden Mitgliedern und dem Verteter des Sprechers.\u00a0\u00a0\u00a0\u00a0\u00a0\u00a0\u00a0\u00a0\u00a0\u00a0\u00a0\u00a0\u00a0\u00a0\u00a0\u00a0\u00a0\u00a0\u00a0\u00a0\u00a0\u00a0\u00a0\u00a0\u00a0\u00a0<\/p>\n\n\n\n<p class=\"has-text-align-center\">*<\/p>\n\n\n\n<p> (2)\u00a0\u00a0 Der Beirat hat die Aufgabe, den Sprecher bei der F\u00fchrung\u00a0der laufenden Gesch\u00e4fte zu unterst\u00fctzen.\u00a0\u00a0\u00a0\u00a0\u00a0\u00a0\u00a0\u00a0\u00a0\u00a0\u00a0\u00a0\u00a0\u00a0\u00a0\u00a0\u00a0\u00a0\u00a0\u00a0\u00a0\u00a0\u00a0\u00a0\u00a0\u00a0\u00a0<\/p>\n\n\n\n<p class=\"has-text-align-center\">*<\/p>\n\n\n\n<p>(3)\u00a0\u00a0 F\u00fcr die zu w\u00e4hlenden Beiratsmitglieder gelten die\u00a0Bestimmungen von \u00a7 6 Abs. (1) und (2) entsprechend.\u00a0\u00a0\u00a0\u00a0\u00a0\u00a0\u00a0\u00a0\u00a0\u00a0\u00a0\u00a0\u00a0\u00a0\u00a0\u00a0\u00a0\u00a0\u00a0\u00a0\u00a0\u00a0\u00a0\u00a0\u00a0\u00a0<\/p>\n\n\n\n<p class=\"has-text-align-center\">\u00a0*<\/p>\n\n\n\n<p class=\"has-text-align-center\">\u00a7 8<\/p>\n\n\n\n<p> (1)\u00a0\u00a0 Die Mitglieder der KMathF sind verpflichtet, die laufenden Verwaltungskosten durch einen j\u00e4hrlichen Beitrag\u00a0zu decken, dessen H\u00f6he die Plenarversammlung bestimmt.\u00a0\u00a0\u00a0\u00a0\u00a0\u00a0\u00a0\u00a0\u00a0\u00a0\u00a0\u00a0\u00a0\u00a0\u00a0\u00a0\u00a0\u00a0\u00a0\u00a0\u00a0\u00a0\u00a0\u00a0<\/p>\n\n\n\n<p class=\"has-text-align-center\">\u00a0*<\/p>\n\n\n\n<p> (2)\u00a0\u00a0 Der Sprecher legt j\u00e4hrlich Rechenschaft ab \u00fcber die Verwendung der Geldmittel. Er sorgt daf\u00fcr, da\u00df die Geldmittel gem\u00e4\u00df \u00a7 23 BHO verwaltet werden.\u00a0\u00a0\u00a0\u00a0\u00a0\u00a0\u00a0\u00a0\u00a0\u00a0\u00a0\u00a0\u00a0\u00a0 \u00a0\u00a0\u00a0\u00a0\u00a0\u00a0\u00a0\u00a0\u00a0\u00a0\u00a0<\/p>\n\n\n\n<p class=\"has-text-align-center\">*<\/p>\n\n\n\n<p class=\"has-text-align-center\">\u00a0\u00a7 9<\/p>\n\n\n\n<p> Aenderungen dieser Satzung beschlie\u00dft die Plenarversammlung mit Zweidrittelmehrheit der stimmberechtigten Anwesenden und mindestens der H\u00e4lfte der Mitglieder. Sie gelten nicht f\u00fcr die Sitzung, in der sie beschlossen wurden.\u00a0\u00a0\u00a0\u00a0\u00a0\u00a0\u00a0 \u00a0\u00a0\u00a0\u00a0\u00a0\u00a0\u00a0\u00a0\u00a0\u00a0\u00a0\u00a0\u00a0\u00a0\u00a0\u00a0\u00a0\u00a0\u00a0 <\/p>\n\n\n\n<p class=\"has-text-align-center\">*<\/p>\n\n\n\n<p> Beschlossen auf der Sitzung der Vorsitzenden der mathematischen Fachbereiche am 4.10.1978.\u00a0\u00a0\u00a0\u00a0\u00a0\u00a0\u00a0\u00a0\u00a0\u00a0\u00a0\u00a0\u00a0\u00a0\u00a0\u00a0\u00a0\u00a0\u00a0\u00a0\u00a0\u00a0\u00a0\u00a0\u00a0\u00a0\u00a0 <\/p>\n\n\n\n<p class=\"has-text-align-center\">*<\/p>\n\n\n\n<p>Ge\u00e4ndert auf der 16. Plenarversammlung der KMathF am 13.4.1991 in Karlsruhe.\u00a0\u00a0\u00a0\u00a0\u00a0\u00a0\u00a0\u00a0\u00a0\u00a0\u00a0\u00a0\u00a0\u00a0\u00a0\u00a0\u00a0\u00a0\u00a0\u00a0\u00a0\u00a0\u00a0\u00a0\u00a0\u00a0\u00a0 <\/p>\n\n\n\n<p class=\"has-text-align-center\">*<\/p>\n\n\n\n<hr class=\"wp-block-separator has-alpha-channel-opacity\"\/>\n\n\n\n<p><em>Prof. J. Winkler &lt;winkler@math.tu-berlin.de&gt;<\/em><em><\/em><\/p>\n","protected":false},"excerpt":{"rendered":"<p>Satzung der Konferenz der Mathematischen Fachbereiche (KMathF) \u00a7 1 (1)\u00a0 Die Konferenz ist die Vereinigung der mathematischen Fachbereiche und Abteilungen &hellip; <\/p>\n","protected":false},"author":1,"featured_media":0,"parent":7,"menu_order":0,"comment_status":"closed","ping_status":"closed","template":"","meta":{"footnotes":""},"class_list":["post-66","page","type-page","status-publish","hentry"],"_links":{"self":[{"href":"https:\/\/kmathf.de\/Home\/wp-json\/wp\/v2\/pages\/66","targetHints":{"allow":["GET"]}}],"collection":[{"href":"https:\/\/kmathf.de\/Home\/wp-json\/wp\/v2\/pages"}],"about":[{"href":"https:\/\/kmathf.de\/Home\/wp-json\/wp\/v2\/types\/page"}],"author":[{"embeddable":true,"href":"https:\/\/kmathf.de\/Home\/wp-json\/wp\/v2\/users\/1"}],"replies":[{"embeddable":true,"href":"https:\/\/kmathf.de\/Home\/wp-json\/wp\/v2\/comments?post=66"}],"version-history":[{"count":4,"href":"https:\/\/kmathf.de\/Home\/wp-json\/wp\/v2\/pages\/66\/revisions"}],"predecessor-version":[{"id":417,"href":"https:\/\/kmathf.de\/Home\/wp-json\/wp\/v2\/pages\/66\/revisions\/417"}],"up":[{"embeddable":true,"href":"https:\/\/kmathf.de\/Home\/wp-json\/wp\/v2\/pages\/7"}],"wp:attachment":[{"href":"https:\/\/kmathf.de\/Home\/wp-json\/wp\/v2\/media?parent=66"}],"curies":[{"name":"wp","href":"https:\/\/api.w.org\/{rel}","templated":true}]}}