{"id":130,"date":"2023-10-12T23:16:08","date_gmt":"2023-10-12T23:16:08","guid":{"rendered":"https:\/\/kmathf.de\/Home\/?page_id=130"},"modified":"2023-10-12T23:32:07","modified_gmt":"2023-10-12T23:32:07","slug":"kmathf-algebra","status":"publish","type":"page","link":"https:\/\/kmathf.de\/Home\/konferenz-der-mathematischen-fachbereiche\/kmathf-gebiete-der-mathematik\/kmathf-algebra\/","title":{"rendered":"Algebra"},"content":{"rendered":"\n<div class=\"wp-block-media-text is-stacked-on-mobile\"><figure class=\"wp-block-media-text__media\"><img loading=\"lazy\" decoding=\"async\" width=\"341\" height=\"341\" src=\"https:\/\/kmathf.de\/Home\/wp-content\/uploads\/2023\/10\/Bild_2023-10-09_212434339.png\" alt=\"\" class=\"wp-image-162 size-full\" srcset=\"https:\/\/kmathf.de\/Home\/wp-content\/uploads\/2023\/10\/Bild_2023-10-09_212434339.png 341w, https:\/\/kmathf.de\/Home\/wp-content\/uploads\/2023\/10\/Bild_2023-10-09_212434339-300x300.png 300w, https:\/\/kmathf.de\/Home\/wp-content\/uploads\/2023\/10\/Bild_2023-10-09_212434339-150x150.png 150w\" sizes=\"auto, (max-width: 341px) 100vw, 341px\" \/><\/figure><div class=\"wp-block-media-text__content\">\n<h4 class=\"wp-block-heading\">Algebra<\/h4>\n<\/div><\/div>\n\n\n\n<figure class=\"wp-block-table\"><table><tbody><tr><td><a href=\"http:\/\/kmathf.math.uni-bielefeld.de\/math\/algebra\/skripte.html\"><strong>Skripte<\/strong><\/a><\/td><td><a href=\"http:\/\/kmathf.math.uni-bielefeld.de\/math\/algebra\/buecher.html\"><strong>B\u00fccher<\/strong><\/a><\/td><td><a href=\"http:\/\/kmathf.math.uni-bielefeld.de\/math\/algebra\/publications.html\"><strong>Publikationen<\/strong><\/a><\/td><td><a href=\"http:\/\/kmathf.math.uni-bielefeld.de\/math\/algebra\/themen.html\"><strong>Themen<\/strong><\/a><\/td><td><a href=\"http:\/\/kmathf.math.uni-bielefeld.de\/math\/algebra\/quellen.html\"><strong>Quellen<\/strong><\/a><\/td><td><a href=\"http:\/\/kmathf.math.uni-bielefeld.de\/math\/index.html\"><strong>Mathematik<\/strong><\/a><\/td><\/tr><\/tbody><\/table><\/figure>\n\n\n\n<p>In der Algebra besch\u00e4ftigt man sich u.a. mit der L\u00f6sbarkeit von&nbsp;<em>Polynomgleichungen<\/em>&nbsp;in einer Unbekannten. Beispielsweise ist die Gleichung &nbsp; x<sup>2<\/sup>+1&nbsp;=&nbsp;0 &nbsp; durch keine reelle Zahl l\u00f6sbar. Sie hat aber genau zwei L\u00f6sungen in&nbsp;<strong>C<\/strong>, dem&nbsp;<em>K\u00f6rper der komplexen Zahlen<\/em>, n\u00e4mlich die sogenannte&nbsp;<em>imagin\u00e4re Einheit i<\/em>&nbsp;und deren Negatives&nbsp;<em>-i<\/em>. Es gilt&nbsp;<em>i<\/em>&nbsp;<sup>2<\/sup>&nbsp;=-1, &nbsp; und das&nbsp;<em>Polynom<\/em>&nbsp;&nbsp; x<sup>2<\/sup>+1 &nbsp; zerf\u00e4llt \u00fcber&nbsp;<strong>C<\/strong>&nbsp;in&nbsp;<em>Linearfaktoren:<\/em>&nbsp;es ist<\/p>\n\n\n\n<p>x<sup>2<\/sup>+1=(&nbsp;x-<em>i<\/em>&nbsp;)(&nbsp;x+<em>i<\/em>&nbsp;).<\/p>\n\n\n\n<p>Allgemeiner gilt sogar, dass jedes Polynom x<sup>n<\/sup>+a<sub>n-1<\/sub>x<sup>n-1<\/sup>+&#8230;+a<sub>1<\/sub>x+a<sub>0<\/sub>&nbsp;mit komplexen Koeffezienten a<sub>0<\/sub>,&#8230;,a<sub>n-1<\/sub>&nbsp;\u00fcber&nbsp;<strong>C<\/strong>&nbsp;in Linearfaktoren zerf\u00e4llt. Dies ist der sogenannte&nbsp;<em>Fundamentalsatz der Algebra<\/em>, f\u00fcr den es sch\u00f6ne funktionentheoretische Beweise gibt.<\/p>\n\n\n\n<p>Durch die Substitution &nbsp;&nbsp;<em>i<\/em>&nbsp;-&gt;&nbsp;&#8211;<em>i<\/em>&nbsp;&nbsp; wird ein sogenannter&nbsp;<em>Automorphismus<\/em>&nbsp;von&nbsp;<strong>C<\/strong>&nbsp;definiert, der alle reellen Zahlen festh\u00e4lt. Zusammen mit der identischen Abbildung bildet er die&nbsp;<em>Galoisgruppe<\/em>&nbsp;von&nbsp;<strong>C<\/strong>&nbsp;\u00fcber&nbsp;<strong>R<\/strong>, benannt nach dem franz\u00f6sischen Mathematiker&nbsp;<em>Evariste Galois<\/em>&nbsp;(1811-1832), der im Alter von 21 Jahren im Duell gefallen ist.<\/p>\n\n\n\n<p>In der Regel wird im dritten Semester eines Mathematikstudiums eine Algebra-Vorlesung geh\u00f6rt. Hier werden Eigenschaften algebraischer Strukturen wie&nbsp;<em>Gruppen,<\/em>&nbsp;<em>Ringe<\/em>&nbsp;und&nbsp;<em>K\u00f6rper<\/em>&nbsp;untersucht und insbesondere Erweiterungsk\u00f6rper eines vorgegebenen K\u00f6rpers K studiert. Ist L ein galoisscher Erweiterungsk\u00f6rper von K, so gilt der&nbsp;<em>Hauptsatz der Galoistheorie,<\/em>&nbsp;der eine umkehrbar eindeutige Beziehung zwischen den Zwischenk\u00f6rpern zwischen K und L und den Untergruppen der Galoisgruppe von L \u00fcber K herstellt. Dieser Satz wird in der Algebravorlesung bewiesen und angewandt.<\/p>\n\n\n\n<p>Es stellt sich heraus, dass zwar alle&nbsp;<em>quadratischen<\/em>&nbsp;Gleichungen x<sup>2<\/sup>+a<sub>1<\/sub>x+a<sub>0<\/sub>=0, alle&nbsp;<em>kubischen<\/em>&nbsp;Gleichungen x<sup>3<\/sup>+a<sub>2<\/sub>x<sup>2<\/sup>+a<sub>1<\/sub>x+a<sub>0<\/sub>=0 und alle Gleichungen x<sup>4<\/sup>+a<sub>3<\/sub>x<sup>3<\/sup>+a<sub>2<\/sub>x<sup>2<\/sup>+a<sub>1<\/sub>x+a<sub>0<\/sub>=0&nbsp;<em>vom Grad 4<\/em>&nbsp;mit Koeffizienten aus K durch Wurzelausdr\u00fccke l\u00f6sbar sind (in einem geeigneten Erweiterungsk\u00f6rper von K), so wie man es f\u00fcr quadratische Gleichungen schon in der Schule lernt, aber die&nbsp;<em>allgemeine Gleichung vom Grad n<\/em>&nbsp;ab dem Grad n=5 nicht mehr durch Wurzelausdr\u00fccke l\u00f6sbar ist.<\/p>\n\n\n\n<p>Als weitere Anwendungen des Hauptsatzes der Galoistheorie ergeben Aussagen \u00fcber&nbsp;<em>Konstruktionen mit Zirkel und Lineal<\/em>.<\/p>\n\n\n\n<p>An die Algebravorlesung kann man verschiedene andere Vorlesungen anschlie\u00dfen, z.B. \u00fcber Kommutative Algebra, Algebraische Geometrie, Algebraische Zahlentheorie, Homologische Algebra, Computeralgebra, Liealgebren, Brauergruppen, Quadratische Formen, Algebraische Gruppen, Darstellungstheorie und je nach Interessenlage darauf aufbauende Spezialvorlesungen.<\/p>\n\n\n\n<p class=\"has-text-align-center\"><a href=\"mailto:kersten@mathematik.uni-bielefeld.de\">kersten@mathematik.uni-bielefeld.de<\/a><\/p>\n","protected":false},"excerpt":{"rendered":"<p>Algebra Skripte B\u00fccher Publikationen Themen Quellen Mathematik In der Algebra besch\u00e4ftigt man sich u.a. mit der L\u00f6sbarkeit von&nbsp;Polynomgleichungen&nbsp;in einer Unbekannten. &hellip; <\/p>\n","protected":false},"author":1,"featured_media":0,"parent":92,"menu_order":0,"comment_status":"closed","ping_status":"closed","template":"","meta":{"footnotes":""},"class_list":["post-130","page","type-page","status-publish","hentry"],"_links":{"self":[{"href":"https:\/\/kmathf.de\/Home\/wp-json\/wp\/v2\/pages\/130","targetHints":{"allow":["GET"]}}],"collection":[{"href":"https:\/\/kmathf.de\/Home\/wp-json\/wp\/v2\/pages"}],"about":[{"href":"https:\/\/kmathf.de\/Home\/wp-json\/wp\/v2\/types\/page"}],"author":[{"embeddable":true,"href":"https:\/\/kmathf.de\/Home\/wp-json\/wp\/v2\/users\/1"}],"replies":[{"embeddable":true,"href":"https:\/\/kmathf.de\/Home\/wp-json\/wp\/v2\/comments?post=130"}],"version-history":[{"count":4,"href":"https:\/\/kmathf.de\/Home\/wp-json\/wp\/v2\/pages\/130\/revisions"}],"predecessor-version":[{"id":399,"href":"https:\/\/kmathf.de\/Home\/wp-json\/wp\/v2\/pages\/130\/revisions\/399"}],"up":[{"embeddable":true,"href":"https:\/\/kmathf.de\/Home\/wp-json\/wp\/v2\/pages\/92"}],"wp:attachment":[{"href":"https:\/\/kmathf.de\/Home\/wp-json\/wp\/v2\/media?parent=130"}],"curies":[{"name":"wp","href":"https:\/\/api.w.org\/{rel}","templated":true}]}}